d j?
2
Let p be 9*6*(4 + -3). What is the highest common divisor of 18 and p?
18
Let z be 3 + -1 + (-2)/(-2). Suppose j - 68 = -z*j. Suppose -4*g + 85 = 5*k, -2*k = -3*k + g + j. Calculate the highest common factor of k and 68.
17
Let l be (-300 + 4)/(-4) - 2. What is the highest common factor of l and 9?
9
Suppose -m - 210 = -3*m. Let g be 4/10 - 624/(-15). Calculate the greatest common divisor of m and g.
21
Suppose 29 - 19 = v. Calculate the greatest common divisor of 70 and v.
10
Let r(v) = 7*v - 7. Let i(t) = -8*t + 8. Let s(n) = 6*i(n) + 7*r(n). Let z be s(5). Calculate the greatest common factor of 10 and z.
2
Suppose 0*o - 2*w - 32 = 3*o, -o - 12 = w. Let r(p) = -p + 5. Let t be r(-5). Let h = t - o. Calculate the greatest common factor of h and 12.
6
Suppose -g + 16 = -9. Calculate the highest common divisor of g and 50.
25
Suppose 0 = -i - 5*j - 4, 0*j = -3*i + 3*j + 6. Suppose -i = 2*b - 5. Calculate the highest common factor of b and 5.
1
Suppose 0 = 3*j - 6*j. Let o be j/1 - (-110)/5. Calculate the greatest common divisor of 2 and o.
2
Suppose 0 = 5*x - 2*n - 34, -3*x + 2*n + 28 = 10. What is the highest common factor of 88 and x?
8
Suppose -2*n - 29 = -4*q + n, -q + 6 = -n. What is the highest common factor of 77 and q?
11
Suppose 0 = -h + v + 16, 5*h - 80 = -0*h + v. Calculate the greatest common factor of h and 4.
4
Suppose 3*g = -p - 4*p + 31, -29 = -2*g - 5*p. What is the highest common factor of 3 and g?
1
Let l = -27 - -39. Let m be (-1052)/(-8) - 1/(-2). What is the greatest common divisor of m and l?
12
Suppose 0 = a - 57 - 60. Suppose 2*z + h = 24, -3*z = -z - h - 28. What is the greatest common divisor of z and a?
13
Let a = 162 - 142. Calculate the highest common divisor of 160 and a.
20
Suppose 0 = 4*q - 212 - 28. What is the highest common factor of 12 and q?
12
Suppose -2*i + 2*h + 486 = 0, -29 - 230 = -i - 3*h. Calculate the highest common divisor of i and 19.
19
Suppose -4*v - 5*j = -18, -3*v + 2*v = -j. Calculate the highest common divisor of 16 and v.
2
Let u = 96 - 4. What is the greatest common divisor of u and 23?
23
Suppose -j - 4*j + 354 = 3*u, -4*j - 12 = 0. Suppose -4*s - 11 = -u. What is the highest common divisor of 42 and s?
14
Let k be (-60)/(-18)*6/5. Suppose 4*i = -n + 6*n + 69, -2*n = -2*i + 34. What is the greatest common divisor of i and k?
4
Let z be (-8)/16 + (-5)/(-2). Suppose z*f + 8 = 3*f. What is the greatest common factor of f and 8?
8
Let a = -52 - -89. Suppose 130 = -13*w + 8*w. Let l = w + a. Calculate the highest common factor of 44 and l.
11
Suppose 5*z - 10 = 65. Suppose 0 = m + 25 - 70. Calculate the greatest common factor of m and z.
15
Let x(f) = 2*f**2 + 2*f + 1. Let l be x(-1). Suppose l - 9 = 2*i. Let b be 5 - 2/i*2. Calculate the highest common factor of b and 6.
6
Suppose -40 = -5*y - w, -5*w = -4*y - 0 + 3. Let m be 82/12 - 3/(-18). What is the highest common factor of y and m?
7
Let o(b) = b**3 - 9*b**2 + 9. Let l be o(8). Let p = -38 - l. Calculate the greatest common factor of p and 34.
17
Suppose 4*m - 12 = 3*i, 2 = -m - 2*i - 6. Let u = 4 + m. Let j be 51/(-1)*u/(-3). What is the greatest common divisor of 17 and j?
17
Suppose -2*j + 10 = -0*j. What is the greatest common factor of 1 and j?
1
Let t be (412/(-12))/((-1)/3). Let n be (-1 + 7)*(-23)/3. Let o = n + t. What is the greatest common divisor of o and 38?
19
Suppose -2*c - 14 = -4*c. Let q be 7/((-39)/21 + 2). What is the highest common divisor of q and c?
7
Suppose 439 = 3*z - g, -4*z + 584 = -0*z - g. Calculate the greatest common factor of 29 and z.
29
Let t = -18 - -26. Let u(q) = q**3 + 5*q**2 - 7*q - 9. Let z be u(-6). Let k = z + t. Calculate the highest common factor of 20 and k.
5
Suppose -860 = -3*m + 328. What is the highest common divisor of m and 36?
36
Let q be 2/7 + (-582)/(-21). Suppose 0 = -6*t + 2*t + 2*u + q, -8 = -2*u. Calculate the greatest common factor of t and 72.
9
Let x be 3 + (-5)/(25/(-205)). Let a be 22*-1*(-1)/2. Calculate the highest common factor of a and x.
11
Let x be -1 - 1 - (3 - 7). Calculate the highest common factor of x and 10.
2
Suppose -2*k = -k - 17. Suppose 3*b + 206 - 665 = 0. What is the greatest common divisor of b and k?
17
Let y(f) = -f**3 - 11*f**2 - 13*f - 10. Let s be y(-10). Calculate the highest common divisor of s and 5.
5
Suppose 2*m + 578 + 2582 = 0. Let c be 2/10 - m/(-25). Let q be (-3 - -2)*(-2 + c). What is the highest common factor of 13 and q?
13
Suppose 0 = -2*j - 5*j + 56. What is the highest common divisor of 8 and j?
8
Suppose 3*d - 348 = 3*g, 3*d = -d - 4*g + 496. Suppose -12 = -t - 0*t. Calculate the highest common factor of t and d.
12
Let g(w) = -w + 55. Let q be g(13). Calculate the greatest common divisor of q and 70.
14
Let n(a) = 4*a**2 - 3*a - 4. Let l be n(-2). Calculate the highest common factor of l and 18.
18
Suppose -5*u + 4*o + 78 = -80, -o - 2 = 0. What is the highest common divisor of u and 150?
30
Suppose -5 = 3*x - 8*x. Let q = -44 + 68. Let h be q/(3/1)*x. Calculate the greatest common divisor of 4 and h.
4
Let s = -8 - -23. Suppose -y + s = 5. Let h be (0 + (-5)/2)*-4. Calculate the highest common divisor of h and y.
10
Suppose 2*o - 103 = -5*m, 0 = 2*m + m - o - 64. What is the highest common factor of m and 14?
7
Suppose 4*g = 125 - 41. Calculate the greatest common divisor of g and 14.
7
Let g be (-105)/14*8/10. Let k = -4 - g. Let f be -26*6*k/(-4). Calculate the greatest common divisor of f and 52.
26
Let v(n) = -n**3 - 9*n**2 - n - 3. Let o be v(-9). Calculate the highest common divisor of 66 and o.
6
Suppose 2*l + 12 - 37 = -5*m, 2*l = -3*m + 15. Suppose l = -p - 1 + 6. What is the highest common divisor of 20 and p?
5
Let s(p) = -3*p - 9. Let q be s(-10). What is the highest common factor of 7 and q?
7
Let x(r) = 2*r**3 - 4*r**2 - 2*r + 4. Let n be x(4). Let c be (38 - (-7 + 4)) + -1. What is the highest common divisor of n and c?
20
Suppose -n - 3 = -5. Suppose n*m + 4*q = 18 + 42, -5*m = 2*q - 166. What is the highest common factor of m and 51?
17
Let d = 302 - 209. Calculate the greatest common factor of 62 and d.
31
Suppose 2*b + 15 - 13 = 0. Let r be (-232)/(-7) + b/7. Calculate the highest common factor of 22 and r.
11
Let n = -39 + 78. Suppose v + 2*d + 6 = 0, 0 = -4*v + 2*v + 2*d + 12. Suppose -26 = b - v*b. What is the greatest common factor of b and n?
13
Let g = 11 + -5. Suppose -q + 4 + g = 0. Suppose -3*j + 4*l + 350 = 2*j, 0 = l. What is the highest common divisor of q and j?
10
Suppose 6 = 2*j - 2. Let c be 4/(-2) + 8 + j. What is the highest common divisor of c and 5?
5
Let u(i) be the second derivative of i**4/12 - 7*i**3/6 + 5*i**2 + 3*i. Let g be u(11). What is the highest common divisor of g and 6?
6
Suppose b - 15 = -2*b + 3*y, -10 = -2*b - y. Suppose 0 = -s + b, -3*l = 5*s - 61. Suppose x + 3*x = l. What is the highest common factor of x and 3?
3
Let g = 114 - 105. What is the highest common divisor of 99 and g?
9
Suppose -p + 5*p = 648. Calculate the greatest common factor of 18 and p.
18
Suppose 6*w + 9 = 7*w - 2*h, 4*h + 20 = 4*w. Let x(u) = 2*u - 6. Let t be x(7). What is the greatest common factor of t and w?
1
Let v be 99/2*8/6. Let o = -11 + 31. Let h = o + -14. What is the highest common divisor of v and h?
6
Let j(n) = -18*n**3 + 3*n**2 + n - 2. Let z be j(-2). What is the greatest common divisor of 38 and z?
38
Let d = 36 - -28. Suppose -3 = -2*z - 5*c, 0 = -7*z + 3*z - 5*c + 11. Let n be (4*-3)/((-6)/z). Calculate the highest common factor of d and n.
8
Suppose -2*g + 2 = 5*v - 10, -5*g = -5*v + 5. Suppose 0*h + v*h + 10 = 0. Let f = 23 + h. What is the highest common divisor of 2 and f?
2
Suppose 12 = -2*x + 6*x. What is the highest common divisor of 39 and x?
3
Suppose -2*p + 7*p - 120 = 0. Let v(o) = o**2 + 6*o + 2. Let f be v(-6). Suppose 2*r + f = 18. What is the highest common factor of r and p?
8
Suppose 5*b + 2 = 152. What is the highest common factor of 45 and b?
15
Let o be (-49)/(-63) - (-4)/18. Let l(k) = k**3 + 7*k**2 - 9*k - 7. Let h be l(-8). What is the highest common divisor of o and h?
1
Suppose 0*j - 2*j = 3*y + 1, -10 = 5*y + 5*j. Suppose 3*h = 12, 3*h = -y*n + 62 + 10. What is the highest common factor of 4 and n?
4
Let o(m) = -m**3 - 9*m**2 - 9*m - 1. Let p be